72.218.57.109 - - [28/Feb/2011:22:25:29 +0000] "GET /reports/host_ratings HTTP/1.1" 200 1059 "http://smolt.mythtv.org/" "Mozilla/5.0 (X11; U; Linux i686; en-US; rv:1.9.0.9) Gecko/2009042208 CentOS/3.0.9-1.el5.centos Firefox/3.0.9"
12.232.47.68 - - [28/Feb/2011:22:25:35 +0000] "GET /client/show/pub_280c86ef-42ea-4d12-b5b5-18f0259dcfae HTTP/1.1" 200 2243 "http://smolt.mythtv.org/reports/recent" "Mozilla/5.0 (Macintosh; U; Intel Mac OS X 10_6_3; en-US) AppleWebKit/534.13 (KHTML, like Gecko) Chrome/9.0.597.94 Safari/534.13"
12.232.47.68 - - [28/Feb/2011:22:25:36 +0000] "GET /client/show/pub_dc7a02da-8ce9-4e30-8685-df67d62b9d97 HTTP/1.1" 200 2247 "http://smolt.mythtv.org/reports/recent" "Mozilla/5.0 (Macintosh; U; Intel Mac OS X 10_6_3; en-US) AppleWebKit/534.13 (KHTML, like Gecko) Chrome/9.0.597.94 Safari/534.13"
72.218.57.109 - - [28/Feb/2011:22:25:41 +0000] "GET /smolt-wiki/ HTTP/1.1" 404 443 "http://smolt.mythtv.org/" "Mozilla/5.0 (X11; U; Linux i686; en-US; rv:1.9.0.9) Gecko/2009042208 CentOS/3.0.9-1.el5.centos Firefox/3.0.9"
12.232.47.68 - - [28/Feb/2011:22:25:41 +0000] "GET /client/show/pub_280c86ef-42ea-4d12-b5b5-18f0259dcfae HTTP/1.1" 200 2243 "http://smolt.mythtv.org/reports/recent" "Mozilla/5.0 (Macintosh; U; Intel Mac OS X 10_6_3; en-US) AppleWebKit/534.13 (KHTML, like Gecko) Chrome/9.0.597.94 Safari/534.13"
72.218.57.109 - - [28/Feb/2011:22:25:47 +0000] "GET /static/stats/devices.html HTTP/1.1" 200 1803 "http://smolt.mythtv.org/" "Mozilla/5.0 (X11; U; Linux i686; en-US; rv:1.9.0.9) Gecko/2009042208 CentOS/3.0.9-1.el5.centos Firefox/3.0.9"
72.218.57.109 - - [28/Feb/2011:22:26:02 +0000] "GET /static/stats/by_class_VIDEO.html HTTP/1.1" 200 5104 "http://smolt.mythtv.org/static/stats/devices.html" "Mozilla/5.0 (X11; U; Linux i686; en-US; rv:1.9.0.9) Gecko/2009042208 CentOS/3.0.9-1.el5.centos Firefox/3.0.9"
12.232.47.68 - - [28/Feb/2011:22:26:19 +0000] "GET /client/show/pub_7e872360-1a8a-4392-8b23-4fb4d3c68cdd HTTP/1.1" 200 2110 "http://smolt.mythtv.org/reports/recent" "Mozilla/5.0 (Macintosh; U; Intel Mac OS X 10_6_3; en-US) AppleWebKit/534.13 (KHTML, like Gecko) Chrome/9.0.597.94 Safari/534.13"
12.232.47.68 - - [28/Feb/2011:22:26:24 +0000] "GET /client/show/pub_b21d2421-9392-4044-83bb-b4d151094c41 HTTP/1.1" 200 2482 "http://smolt.mythtv.org/reports/recent" "Mozilla/5.0 (Macintosh; U; Intel Mac OS X 10_6_3; en-US) AppleWebKit/534.13 (KHTML, like Gecko) Chrome/9.0.597.94 Safari/534.13"
184.58.217.97 - - [28/Feb/2011:22:27:23 +0000] "GET /static/stats/stats.html HTTP/1.1" 200 7948 "http://smolt.mythtv.org/" "Opera/9.80 (X11; Linux x86_64; U; en) Presto/2.7.62 Version/11.00"
184.58.217.97 - - [28/Feb/2011:22:27:23 +0000] "GET /tg_widgets/turboflot/excanvas.js HTTP/1.1" 304 - "http://smolt.mythtv.org/static/stats/stats.html" "Opera/9.80 (X11; Linux x86_64; U; en) Presto/2.7.62 Version/11.00"
184.58.217.97 - - [28/Feb/2011:22:27:23 +0000] "GET /tg_widgets/turboflot/jquery.js HTTP/1.1" 304 - "http://smolt.mythtv.org/static/stats/stats.html" "Opera/9.80 (X11; Linux x86_64; U; en) Presto/2.7.62 Version/11.00"
184.58.217.97 - - [28/Feb/2011:22:27:23 +0000] "GET /tg_widgets/turboflot/jquery.flot.js HTTP/1.1" 304 - "http://smolt.mythtv.org/static/stats/stats.html" "Opera/9.80 (X11; Linux x86_64; U; en) Presto/2.7.62 Version/11.00"
184.58.217.97 - - [28/Feb/2011:22:27:23 +0000] "GET /tg_widgets/turbogears.widgets/tabber/tabber.css HTTP/1.1" 304 - "http://smolt.mythtv.org/static/stats/stats.html" "Opera/9.80 (X11; Linux x86_64; U; en) Presto/2.7.62 Version/11.00"
184.58.217.97 - - [28/Feb/2011:22:27:23 +0000] "GET /static/css/style.css HTTP/1.1" 304 - "http://smolt.mythtv.org/static/stats/stats.html" "Opera/9.80 (X11; Linux x86_64; U; en) Presto/2.7.62 Version/11.00"
184.58.217.97 - - [28/Feb/2011:22:27:23 +0000] "GET /tg_widgets/turbogears.widgets/tabber/tabber-minimized.js HTTP/1.1" 304 - "http://smolt.mythtv.org/static/stats/stats.html" "Opera/9.80 (X11; Linux x86_64; U; en) Presto/2.7.62 Version/11.00"
184.58.217.97 - - [28/Feb/2011:22:27:23 +0000] "GET /favicon.ico HTTP/1.1" 304 - "http://smolt.mythtv.org/static/stats/stats.html" "Opera/9.80 (X11; Linux x86_64; U; en) Presto/2.7.62 Version/11.00"
207.171.7.187 - - [28/Feb/2011:22:27:52 +0000] "GET /reports/recent, HTTP/1.1" 404 729 "-" "XRL/3.00 (Linux; i686; en-us) (+http://metamark.net/about)"
12.232.47.68 - - [28/Feb/2011:22:28:49 +0000] "GET / HTTP/1.1" 200 1219 "-" "Mozilla/5.0 (Macintosh; U; Intel Mac OS X 10_6_3; en-US) AppleWebKit/534.13 (KHTML, like Gecko) Chrome/9.0.597.94 Safari/534.13"
12.232.47.68 - - [28/Feb/2011:22:28:49 +0000] "GET /tg_widgets/turboflot/excanvas.js HTTP/1.1" 304 - "http://smolt.mythtv.org/" "Mozilla/5.0 (Macintosh; U; Intel Mac OS X 10_6_3; en-US) AppleWebKit/534.13 (KHTML, like Gecko) Chrome/9.0.597.94 Safari/534.13"
12.232.47.68 - - [28/Feb/2011:22:28:49 +0000] "GET /tg_widgets/turboflot/jquery.flot.js HTTP/1.1" 304 - "http://smolt.mythtv.org/" "Mozilla/5.0 (Macintosh; U; Intel Mac OS X 10_6_3; en-US) AppleWebKit/534.13 (KHTML, like Gecko) Chrome/9.0.597.94 Safari/534.13"
12.232.47.68 - - [28/Feb/2011:22:28:49 +0000] "GET /tg_widgets/turboflot/jquery.js HTTP/1.1" 304 - "http://smolt.mythtv.org/" "Mozilla/5.0 (Macintosh; U; Intel Mac OS X 10_6_3; en-US) AppleWebKit/534.13 (KHTML, like Gecko) Chrome/9.0.597.94 Safari/534.13"
12.232.47.68 - - [28/Feb/2011:22:28:49 +0000] "GET /static/css/style.css HTTP/1.1" 304 - "http://smolt.mythtv.org/" "Mozilla/5.0 (Macintosh; U; Intel Mac OS X 10_6_3; en-US) AppleWebKit/534.13 (KHTML, like Gecko) Chrome/9.0.597.94 Safari/534.13"
83.252.237.63 - - [28/Feb/2011:22:32:47 +0000] "GET /reports/recent HTTP/1.1" 200 2696 "-" "Mozilla/5.0 (X11; U; Linux x86_64; en-US; rv:1.9.1.16) Gecko/20110107 Iceweasel/3.5.16 (like Firefox/3.5.16)"
83.252.237.63 - - [28/Feb/2011:22:33:36 +0000] "GET /client/show/pub_b21d2421-9392-4044-83bb-b4d151094c41 HTTP/1.1" 200 2482 "http://smolt.mythtv.org/reports/recent" "Mozilla/5.0 (X11; U; Linux x86_64; en-US; rv:1.9.1.16) Gecko/20110107 Iceweasel/3.5.16 (like Firefox/3.5.16)"
83.252.237.63 - - [28/Feb/2011:22:33:37 +0000] "GET /static/rating.js HTTP/1.1" 200 1044 "http://smolt.mythtv.org/client/show/pub_b21d2421-9392-4044-83bb-b4d151094c41" "Mozilla/5.0 (X11; U; Linux x86_64; en-US; rv:1.9.1.16) Gecko/20110107 Iceweasel/3.5.16 (like Firefox/3.5.16)"
83.252.237.63 - - [28/Feb/2011:22:33:37 +0000] "GET /tg_widgets/turbogears/js/MochiKit.js HTTP/1.1" 200 29803 "http://smolt.mythtv.org/client/show/pub_b21d2421-9392-4044-83bb-b4d151094c41" "Mozilla/5.0 (X11; U; Linux x86_64; en-US; rv:1.9.1.16) Gecko/20110107 Iceweasel/3.5.16 (like Firefox/3.5.16)"
83.252.237.63 - - [28/Feb/2011:22:33:38 +0000] "GET /static/images/rating/r0.png HTTP/1.1" 200 757 "http://smolt.mythtv.org/client/show/pub_b21d2421-9392-4044-83bb-b4d151094c41" "Mozilla/5.0 (X11; U; Linux x86_64; en-US; rv:1.9.1.16) Gecko/20110107 Iceweasel/3.5.16 (like Firefox/3.5.16)"
83.252.237.63 - - [28/Feb/2011:22:33:38 +0000] "GET /static/images/rating/r1.png HTTP/1.1" 200 644 "http://smolt.mythtv.org/client/show/pub_b21d2421-9392-4044-83bb-b4d151094c41" "Mozilla/5.0 (X11; U; Linux x86_64; en-US; rv:1.9.1.16) Gecko/20110107 Iceweasel/3.5.16 (like Firefox/3.5.16)"
83.252.237.63 - - [28/Feb/2011:22:33:38 +0000] "GET /static/images/rating/r2.png HTTP/1.1" 200 838 "http://smolt.mythtv.org/client/show/pub_b21d2421-9392-4044-83bb-b4d151094c41" "Mozilla/5.0 (X11; U; Linux x86_64; en-US; rv:1.9.1.16) Gecko/20110107 Iceweasel/3.5.16 (like Firefox/3.5.16)"
83.252.237.63 - - [28/Feb/2011:22:33:38 +0000] "GET /static/images/rating/r3.png HTTP/1.1" 200 706 "http://smolt.mythtv.org/client/show/pub_b21d2421-9392-4044-83bb-b4d151094c41" "Mozilla/5.0 (X11; U; Linux x86_64; en-US; rv:1.9.1.16) Gecko/20110107 Iceweasel/3.5.16 (like Firefox/3.5.16)"
83.252.237.63 - - [28/Feb/2011:22:33:38 +0000] "GET /static/images/rating/r4.png HTTP/1.1" 200 3373 "http://smolt.mythtv.org/client/show/pub_b21d2421-9392-4044-83bb-b4d151094c41" "Mozilla/5.0 (X11; U; Linux x86_64; en-US; rv:1.9.1.16) Gecko/20110107 Iceweasel/3.5.16 (like Firefox/3.5.16)"
83.252.237.63 - - [28/Feb/2011:22:33:38 +0000] "GET /static/images/rating/r5.png HTTP/1.1" 200 669 "http://smolt.mythtv.org/client/show/pub_b21d2421-9392-4044-83bb-b4d151094c41" "Mozilla/5.0 (X11; U; Linux x86_64; en-US; rv:1.9.1.16) Gecko/20110107 Iceweasel/3.5.16 (like Firefox/3.5.16)"
71.202.67.27 - - [28/Feb/2011:22:42:13 +0000] "GET /tokens/token_json?uuid=fcfd32e7-6fe4-4305-af5e-0482e504359e HTTP/1.1" 200 140 "-" "smolt/0.97"
71.202.67.27 - - [28/Feb/2011:22:42:14 +0000] "POST /client/add_json HTTP/1.1" 200 1210 "-" "smolt/0.97"
71.202.67.27 - - [28/Feb/2011:22:42:15 +0000] "GET /tokens/admin_token_json?uuid=fcfd32e7-6fe4-4305-af5e-0482e504359e HTTP/1.1" 200 77 "-" "smolt/0.97"
12.232.47.68 - - [28/Feb/2011:22:44:25 +0000] "GET /reports/recent HTTP/1.1" 200 2702 "http://smolt.mythtv.org/" "Mozilla/5.0 (Macintosh; U; Intel Mac OS X 10_6_3; en-US) AppleWebKit/534.13 (KHTML, like Gecko) Chrome/9.0.597.94 Safari/534.13"
184.58.217.97 - - [28/Feb/2011:22:44:28 +0000] "GET /static/stats/stats.html HTTP/1.1" 200 7949 "http://smolt.mythtv.org/" "Opera/9.80 (X11; Linux x86_64; U; en) Presto/2.7.62 Version/11.00"
184.58.217.97 - - [28/Feb/2011:22:44:28 +0000] "GET /tg_widgets/turboflot/excanvas.js HTTP/1.1" 304 - "http://smolt.mythtv.org/static/stats/stats.html" "Opera/9.80 (X11; Linux x86_64; U; en) Presto/2.7.62 Version/11.00"
184.58.217.97 - - [28/Feb/2011:22:44:28 +0000] "GET /tg_widgets/turboflot/jquery.js HTTP/1.1" 304 - "http://smolt.mythtv.org/static/stats/stats.html" "Opera/9.80 (X11; Linux x86_64; U; en) Presto/2.7.62 Version/11.00"
184.58.217.97 - - [28/Feb/2011:22:44:28 +0000] "GET /tg_widgets/turboflot/jquery.flot.js HTTP/1.1" 304 - "http://smolt.mythtv.org/static/stats/stats.html" "Opera/9.80 (X11; Linux x86_64; U; en) Presto/2.7.62 Version/11.00"
184.58.217.97 - - [28/Feb/2011:22:44:28 +0000] "GET /tg_widgets/turbogears.widgets/tabber/tabber.css HTTP/1.1" 304 - "http://smolt.mythtv.org/static/stats/stats.html" "Opera/9.80 (X11; Linux x86_64; U; en) Presto/2.7.62 Version/11.00"
184.58.217.97 - - [28/Feb/2011:22:44:28 +0000] "GET /static/css/style.css HTTP/1.1" 304 - "http://smolt.mythtv.org/static/stats/stats.html" "Opera/9.80 (X11; Linux x86_64; U; en) Presto/2.7.62 Version/11.00"
184.58.217.97 - - [28/Feb/2011:22:44:28 +0000] "GET /tg_widgets/turbogears.widgets/tabber/tabber-minimized.js HTTP/1.1" 304 - "http://smolt.mythtv.org/static/stats/stats.html" "Opera/9.80 (X11; Linux x86_64; U; en) Presto/2.7.62 Version/11.00"
184.58.217.97 - - [28/Feb/2011:22:44:28 +0000] "GET /favicon.ico HTTP/1.1" 304 - "http://smolt.mythtv.org/static/stats/stats.html" "Opera/9.80 (X11; Linux x86_64; U; en) Presto/2.7.62 Version/11.00"
12.232.47.68 - - [28/Feb/2011:22:44:28 +0000] "GET /client/show/pub_ed0354c2-93e8-4197-9448-40682c993b1f HTTP/1.1" 200 2649 "http://smolt.mythtv.org/reports/recent" "Mozilla/5.0 (Macintosh; U; Intel Mac OS X 10_6_3; en-US) AppleWebKit/534.13 (KHTML, like Gecko) Chrome/9.0.597.94 Safari/534.13"
184.58.217.97 - - [28/Feb/2011:22:44:29 +0000] "GET /static/stats/stats.html HTTP/1.1" 200 7985 "http://smolt.mythtv.org/" "Opera/9.80 (X11; Linux x86_64; U; en) Presto/2.7.62 Version/11.00"
184.58.217.97 - - [28/Feb/2011:22:44:29 +0000] "GET /tg_widgets/turboflot/excanvas.js HTTP/1.1" 304 - "http://smolt.mythtv.org/static/stats/stats.html" "Opera/9.80 (X11; Linux x86_64; U; en) Presto/2.7.62 Version/11.00"
184.58.217.97 - - [28/Feb/2011:22:44:29 +0000] "GET /tg_widgets/turboflot/jquery.js HTTP/1.1" 304 - "http://smolt.mythtv.org/static/stats/stats.html" "Opera/9.80 (X11; Linux x86_64; U; en) Presto/2.7.62 Version/11.00"
184.58.217.97 - - [28/Feb/2011:22:44:29 +0000] "GET /tg_widgets/turboflot/jquery.flot.js HTTP/1.1" 304 - "http://smolt.mythtv.org/static/stats/stats.html" "Opera/9.80 (X11; Linux x86_64; U; en) Presto/2.7.62 Version/11.00"
184.58.217.97 - - [28/Feb/2011:22:44:29 +0000] "GET /tg_widgets/turbogears.widgets/tabber/tabber.css HTTP/1.1" 304 - "http://smolt.mythtv.org/static/stats/stats.html" "Opera/9.80 (X11; Linux x86_64; U; en) Presto/2.7.62 Version/11.00"
184.58.217.97 - - [28/Feb/2011:22:44:29 +0000] "GET /static/css/style.css HTTP/1.1" 304 - "http://smolt.mythtv.org/static/stats/stats.html" "Opera/9.80 (X11; Linux x86_64; U; en) Presto/2.7.62 Version/11.00"
184.58.217.97 - - [28/Feb/2011:22:44:29 +0000] "GET /tg_widgets/turbogears.widgets/tabber/tabber-minimized.js HTTP/1.1" 304 - "http://smolt.mythtv.org/static/stats/stats.html" "Opera/9.80 (X11; Linux x86_64; U; en) Presto/2.7.62 Version/11.00"
184.58.217.97 - - [28/Feb/2011:22:44:29 +0000] "GET /favicon.ico HTTP/1.1" 304 - "http://smolt.mythtv.org/static/stats/stats.html" "Opera/9.80 (X11; Linux x86_64; U; en) Presto/2.7.62 Version/11.00"
12.232.47.68 - - [28/Feb/2011:22:44:53 +0000] "GET /reports/view_device/USB%20Vendor%20Specific%20Interface HTTP/1.1" 200 34358 "http://smolt.mythtv.org/client/show/pub_ed0354c2-93e8-4197-9448-40682c993b1f" "Mozilla/5.0 (Macintosh; U; Intel Mac OS X 10_6_3; en-US) AppleWebKit/534.13 (KHTML, like Gecko) Chrome/9.0.597.94 Safari/534.13"
184.58.217.97 - - [28/Feb/2011:22:44:58 +0000] "GET /static/stats/stats.html HTTP/1.1" 200 7985 "http://smolt.mythtv.org/" "Opera/9.80 (X11; Linux x86_64; U; en) Presto/2.7.62 Version/11.00"
184.58.217.97 - - [28/Feb/2011:22:44:58 +0000] "GET /tg_widgets/turboflot/excanvas.js HTTP/1.1" 304 - "http://smolt.mythtv.org/static/stats/stats.html" "Opera/9.80 (X11; Linux x86_64; U; en) Presto/2.7.62 Version/11.00"
184.58.217.97 - - [28/Feb/2011:22:44:58 +0000] "GET /tg_widgets/turboflot/jquery.js HTTP/1.1" 304 - "http://smolt.mythtv.org/static/stats/stats.html" "Opera/9.80 (X11; Linux x86_64; U; en) Presto/2.7.62 Version/11.00"
184.58.217.97 - - [28/Feb/2011:22:44:58 +0000] "GET /tg_widgets/turboflot/jquery.flot.js HTTP/1.1" 304 - "http://smolt.mythtv.org/static/stats/stats.html" "Opera/9.80 (X11; Linux x86_64; U; en) Presto/2.7.62 Version/11.00"
184.58.217.97 - - [28/Feb/2011:22:44:58 +0000] "GET /tg_widgets/turbogears.widgets/tabber/tabber.css HTTP/1.1" 304 - "http://smolt.mythtv.org/static/stats/stats.html" "Opera/9.80 (X11; Linux x86_64; U; en) Presto/2.7.62 Version/11.00"
184.58.217.97 - - [28/Feb/2011:22:44:58 +0000] "GET /static/css/style.css HTTP/1.1" 304 - "http://smolt.mythtv.org/static/stats/stats.html" "Opera/9.80 (X11; Linux x86_64; U; en) Presto/2.7.62 Version/11.00"
184.58.217.97 - - [28/Feb/2011:22:44:58 +0000] "GET /tg_widgets/turbogears.widgets/tabber/tabber-minimized.js HTTP/1.1" 304 - "http://smolt.mythtv.org/static/stats/stats.html" "Opera/9.80 (X11; Linux x86_64; U; en) Presto/2.7.62 Version/11.00"
184.58.217.97 - - [28/Feb/2011:22:44:58 +0000] "GET /favicon.ico HTTP/1.1" 304 - "http://smolt.mythtv.org/static/stats/stats.html" "Opera/9.80 (X11; Linux x86_64; U; en) Presto/2.7.62 Version/11.00"
12.232.47.68 - - [28/Feb/2011:22:45:14 +0000] "GET /reports/view_device/USB%20Vendor%20Specific%20Interface HTTP/1.1" 200 34358 "http://smolt.mythtv.org/client/show/pub_ed0354c2-93e8-4197-9448-40682c993b1f" "Mozilla/5.0 (Macintosh; U; Intel Mac OS X 10_6_3; en-US) AppleWebKit/534.13 (KHTML, like Gecko) Chrome/9.0.597.94 Safari/534.13"
184.58.217.97 - - [28/Feb/2011:22:48:53 +0000] "GET /reports/view_profile/Gigabyte%20Technology%20Co.,%20Ltd. HTTP/1.1" 200 6685 "http://smolt.mythtv.org/static/stats/stats.html" "Opera/9.80 (X11; Linux x86_64; U; en) Presto/2.7.62 Version/11.00"
184.58.217.97 - - [28/Feb/2011:22:49:00 +0000] "GET /reports/view_profile/GA-MA74GM-S2H HTTP/1.1" 200 1120 "http://smolt.mythtv.org/reports/view_profile/Gigabyte%20Technology%20Co.,%20Ltd." "Opera/9.80 (X11; Linux x86_64; U; en) Presto/2.7.62 Version/11.00"
184.58.217.97 - - [28/Feb/2011:22:49:07 +0000] "GET /client/show/pub_1cfe41b7-1777-432d-a7a2-74975a695bc3 HTTP/1.1" 200 2514 "http://smolt.mythtv.org/reports/view_profile/Gigabyte%20Technology%20Co.,%20Ltd." "Opera/9.80 (X11; Linux x86_64; U; en) Presto/2.7.62 Version/11.00"
184.58.217.97 - - [28/Feb/2011:22:49:17 +0000] "GET /client/show_all/pub_1cfe41b7-1777-432d-a7a2-74975a695bc3 HTTP/1.1" 200 3321 "http://smolt.mythtv.org/client/show/pub_1cfe41b7-1777-432d-a7a2-74975a695bc3" "Opera/9.80 (X11; Linux x86_64; U; en) Presto/2.7.62 Version/11.00"
184.58.217.97 - - [28/Feb/2011:22:49:34 +0000] "GET /client/show/pub_cbdf9bac-f59c-4845-8f5a-a5309a39aeb2 HTTP/1.1" 200 2620 "http://smolt.mythtv.org/reports/view_profile/Gigabyte%20Technology%20Co.,%20Ltd." "Opera/9.80 (X11; Linux x86_64; U; en) Presto/2.7.62 Version/11.00"
184.58.217.97 - - [28/Feb/2011:22:49:36 +0000] "GET /client/show_all/pub_cbdf9bac-f59c-4845-8f5a-a5309a39aeb2 HTTP/1.1" 200 3582 "http://smolt.mythtv.org/client/show/pub_cbdf9bac-f59c-4845-8f5a-a5309a39aeb2" "Opera/9.80 (X11; Linux x86_64; U; en) Presto/2.7.62 Version/11.00"
12.232.47.68 - - [28/Feb/2011:22:52:05 +0000] "GET /client/show/pub_dc7a02da-8ce9-4e30-8685-df67d62b9d97 HTTP/1.1" 200 2247 "http://smolt.mythtv.org/reports/recent" "Mozilla/5.0 (Macintosh; U; Intel Mac OS X 10_6_3; en-US) AppleWebKit/534.13 (KHTML, like Gecko) Chrome/9.0.597.94 Safari/534.13"
12.232.47.68 - - [28/Feb/2011:22:52:05 +0000] "GET /client/show/pub_dc7a02da-8ce9-4e30-8685-df67d62b9d97 HTTP/1.1" 200 2247 "http://smolt.mythtv.org/reports/recent" "Mozilla/5.0 (Macintosh; U; Intel Mac OS X 10_6_3; en-US) AppleWebKit/534.13 (KHTML, like Gecko) Chrome/9.0.597.94 Safari/534.13"
12.232.47.68 - - [28/Feb/2011:22:52:09 +0000] "POST /client/show/pub_dc7a02da-8ce9-4e30-8685-df67d62b9d97 HTTP/1.1" 200 2300 "http://smolt.mythtv.org/client/show/pub_dc7a02da-8ce9-4e30-8685-df67d62b9d97" "Mozilla/5.0 (Macintosh; U; Intel Mac OS X 10_6_3; en-US) AppleWebKit/534.13 (KHTML, like Gecko) Chrome/9.0.597.94 Safari/534.13"
12.232.47.68 - - [28/Feb/2011:22:52:10 +0000] "GET /static/images/rating/ro1.png HTTP/1.1" 200 619 "http://smolt.mythtv.org/client/show/pub_dc7a02da-8ce9-4e30-8685-df67d62b9d97" "Mozilla/5.0 (Macintosh; U; Intel Mac OS X 10_6_3; en-US) AppleWebKit/534.13 (KHTML, like Gecko) Chrome/9.0.597.94 Safari/534.13"
12.232.47.68 - - [28/Feb/2011:22:52:10 +0000] "GET /static/images/rating/ro4.png HTTP/1.1" 200 663 "http://smolt.mythtv.org/client/show/pub_dc7a02da-8ce9-4e30-8685-df67d62b9d97" "Mozilla/5.0 (Macintosh; U; Intel Mac OS X 10_6_3; en-US) AppleWebKit/534.13 (KHTML, like Gecko) Chrome/9.0.597.94 Safari/534.13"
12.232.47.68 - - [28/Feb/2011:22:52:10 +0000] "GET /static/images/rating/ro3.png HTTP/1.1" 200 670 "http://smolt.mythtv.org/client/show/pub_dc7a02da-8ce9-4e30-8685-df67d62b9d97" "Mozilla/5.0 (Macintosh; U; Intel Mac OS X 10_6_3; en-US) AppleWebKit/534.13 (KHTML, like Gecko) Chrome/9.0.597.94 Safari/534.13"
12.232.47.68 - - [28/Feb/2011:22:52:10 +0000] "GET /static/images/rating/ro2.png HTTP/1.1" 200 789 "http://smolt.mythtv.org/client/show/pub_dc7a02da-8ce9-4e30-8685-df67d62b9d97" "Mozilla/5.0 (Macintosh; U; Intel Mac OS X 10_6_3; en-US) AppleWebKit/534.13 (KHTML, like Gecko) Chrome/9.0.597.94 Safari/534.13"
12.232.47.68 - - [28/Feb/2011:22:52:10 +0000] "GET /static/images/rating/ro5.png HTTP/1.1" 200 710 "http://smolt.mythtv.org/client/show/pub_dc7a02da-8ce9-4e30-8685-df67d62b9d97" "Mozilla/5.0 (Macintosh; U; Intel Mac OS X 10_6_3; en-US) AppleWebKit/534.13 (KHTML, like Gecko) Chrome/9.0.597.94 Safari/534.13"
12.232.47.68 - - [28/Feb/2011:22:52:16 +0000] "GET /static/images/rating/ro0.png HTTP/1.1" 200 698 "http://smolt.mythtv.org/client/show/pub_dc7a02da-8ce9-4e30-8685-df67d62b9d97" "Mozilla/5.0 (Macintosh; U; Intel Mac OS X 10_6_3; en-US) AppleWebKit/534.13 (KHTML, like Gecko) Chrome/9.0.597.94 Safari/534.13"
12.232.47.68 - - [28/Feb/2011:22:52:16 +0000] "GET /static/images/rating/rb.png HTTP/1.1" 200 1712 "http://smolt.mythtv.org/client/show/pub_dc7a02da-8ce9-4e30-8685-df67d62b9d97" "Mozilla/5.0 (Macintosh; U; Intel Mac OS X 10_6_3; en-US) AppleWebKit/534.13 (KHTML, like Gecko) Chrome/9.0.597.94 Safari/534.13"
12.232.47.68 - - [28/Feb/2011:22:52:16 +0000] "GET /client/rate_object?ratingID=Host1936260a-6ec5-424c-b31b-1a83e3b6ac7a%40Device11014&value=5 HTTP/1.1" 200 18 "http://smolt.mythtv.org/client/show/pub_dc7a02da-8ce9-4e30-8685-df67d62b9d97" "Mozilla/5.0 (Macintosh; U; Intel Mac OS X 10_6_3; en-US) AppleWebKit/534.13 (KHTML, like Gecko) Chrome/9.0.597.94 Safari/534.13"
12.232.47.68 - - [28/Feb/2011:22:52:18 +0000] "GET /client/rate_object?ratingID=Host1936260a-6ec5-424c-b31b-1a83e3b6ac7a%40Device6578&value=5 HTTP/1.1" 200 18 "http://smolt.mythtv.org/client/show/pub_dc7a02da-8ce9-4e30-8685-df67d62b9d97" "Mozilla/5.0 (Macintosh; U; Intel Mac OS X 10_6_3; en-US) AppleWebKit/534.13 (KHTML, like Gecko) Chrome/9.0.597.94 Safari/534.13"
12.232.47.68 - - [28/Feb/2011:22:52:22 +0000] "GET /client/rate_object?ratingID=Host1936260a-6ec5-424c-b31b-1a83e3b6ac7a%40Device6575&value=5 HTTP/1.1" 200 18 "http://smolt.mythtv.org/client/show/pub_dc7a02da-8ce9-4e30-8685-df67d62b9d97" "Mozilla/5.0 (Macintosh; U; Intel Mac OS X 10_6_3; en-US) AppleWebKit/534.13 (KHTML, like Gecko) Chrome/9.0.597.94 Safari/534.13"
12.232.47.68 - - [28/Feb/2011:22:52:22 +0000] "GET /client/rate_object?ratingID=Host1936260a-6ec5-424c-b31b-1a83e3b6ac7a%40Device4022&value=5 HTTP/1.1" 200 18 "http://smolt.mythtv.org/client/show/pub_dc7a02da-8ce9-4e30-8685-df67d62b9d97" "Mozilla/5.0 (Macintosh; U; Intel Mac OS X 10_6_3; en-US) AppleWebKit/534.13 (KHTML, like Gecko) Chrome/9.0.597.94 Safari/534.13"
12.232.47.68 - - [28/Feb/2011:22:52:24 +0000] "GET /client/rate_object?ratingID=Host1936260a-6ec5-424c-b31b-1a83e3b6ac7a%40Device4024&value=5 HTTP/1.1" 200 18 "http://smolt.mythtv.org/client/show/pub_dc7a02da-8ce9-4e30-8685-df67d62b9d97" "Mozilla/5.0 (Macintosh; U; Intel Mac OS X 10_6_3; en-US) AppleWebKit/534.13 (KHTML, like Gecko) Chrome/9.0.597.94 Safari/534.13"
12.232.47.68 - - [28/Feb/2011:22:52:25 +0000] "GET /client/rate_object?ratingID=Host1936260a-6ec5-424c-b31b-1a83e3b6ac7a%40Device11013&value=5 HTTP/1.1" 200 18 "http://smolt.mythtv.org/client/show/pub_dc7a02da-8ce9-4e30-8685-df67d62b9d97" "Mozilla/5.0 (Macintosh; U; Intel Mac OS X 10_6_3; en-US) AppleWebKit/534.13 (KHTML, like Gecko) Chrome/9.0.597.94 Safari/534.13"
12.232.47.68 - - [28/Feb/2011:22:52:25 +0000] "GET /client/rate_object?ratingID=Host1936260a-6ec5-424c-b31b-1a83e3b6ac7a%40Device11015&value=5 HTTP/1.1" 200 18 "http://smolt.mythtv.org/client/show/pub_dc7a02da-8ce9-4e30-8685-df67d62b9d97" "Mozilla/5.0 (Macintosh; U; Intel Mac OS X 10_6_3; en-US) AppleWebKit/534.13 (KHTML, like Gecko) Chrome/9.0.597.94 Safari/534.13"
12.232.47.68 - - [28/Feb/2011:22:52:27 +0000] "GET /client/rate_object?ratingID=Host1936260a-6ec5-424c-b31b-1a83e3b6ac7a%40Device11016&value=5 HTTP/1.1" 200 18 "http://smolt.mythtv.org/client/show/pub_dc7a02da-8ce9-4e30-8685-df67d62b9d97" "Mozilla/5.0 (Macintosh; U; Intel Mac OS X 10_6_3; en-US) AppleWebKit/534.13 (KHTML, like Gecko) Chrome/9.0.597.94 Safari/534.13"
12.232.47.68 - - [28/Feb/2011:22:52:27 +0000] "GET /client/rate_object?ratingID=Host1936260a-6ec5-424c-b31b-1a83e3b6ac7a%40Device11017&value=5 HTTP/1.1" 200 18 "http://smolt.mythtv.org/client/show/pub_dc7a02da-8ce9-4e30-8685-df67d62b9d97" "Mozilla/5.0 (Macintosh; U; Intel Mac OS X 10_6_3; en-US) AppleWebKit/534.13 (KHTML, like Gecko) Chrome/9.0.597.94 Safari/534.13"
12.232.47.68 - - [28/Feb/2011:22:52:28 +0000] "GET /client/rate_object?ratingID=Host1936260a-6ec5-424c-b31b-1a83e3b6ac7a%40Device11018&value=5 HTTP/1.1" 200 18 "http://smolt.mythtv.org/client/show/pub_dc7a02da-8ce9-4e30-8685-df67d62b9d97" "Mozilla/5.0 (Macintosh; U; Intel Mac OS X 10_6_3; en-US) AppleWebKit/534.13 (KHTML, like Gecko) Chrome/9.0.597.94 Safari/534.13"
12.232.47.68 - - [28/Feb/2011:22:52:29 +0000] "GET /client/rate_object?ratingID=Host1936260a-6ec5-424c-b31b-1a83e3b6ac7a%40Device4510&value=5 HTTP/1.1" 200 18 "http://smolt.mythtv.org/client/show/pub_dc7a02da-8ce9-4e30-8685-df67d62b9d97" "Mozilla/5.0 (Macintosh; U; Intel Mac OS X 10_6_3; en-US) AppleWebKit/534.13 (KHTML, like Gecko) Chrome/9.0.597.94 Safari/534.13"
12.232.47.68 - - [28/Feb/2011:22:52:30 +0000] "GET /client/rate_object?ratingID=Host1936260a-6ec5-424c-b31b-1a83e3b6ac7a%40Device6566&value=5 HTTP/1.1" 200 18 "http://smolt.mythtv.org/client/show/pub_dc7a02da-8ce9-4e30-8685-df67d62b9d97" "Mozilla/5.0 (Macintosh; U; Intel Mac OS X 10_6_3; en-US) AppleWebKit/534.13 (KHTML, like Gecko) Chrome/9.0.597.94 Safari/534.13"
12.232.47.68 - - [28/Feb/2011:22:52:30 +0000] "GET /client/rate_object?ratingID=Host1936260a-6ec5-424c-b31b-1a83e3b6ac7a%40Device6567&value=5 HTTP/1.1" 200 18 "http://smolt.mythtv.org/client/show/pub_dc7a02da-8ce9-4e30-8685-df67d62b9d97" "Mozilla/5.0 (Macintosh; U; Intel Mac OS X 10_6_3; en-US) AppleWebKit/534.13 (KHTML, like Gecko) Chrome/9.0.597.94 Safari/534.13"
12.232.47.68 - - [28/Feb/2011:22:52:31 +0000] "GET /client/rate_object?ratingID=Host1936260a-6ec5-424c-b31b-1a83e3b6ac7a%40Device6568&value=5 HTTP/1.1" 200 18 "http://smolt.mythtv.org/client/show/pub_dc7a02da-8ce9-4e30-8685-df67d62b9d97" "Mozilla/5.0 (Macintosh; U; Intel Mac OS X 10_6_3; en-US) AppleWebKit/534.13 (KHTML, like Gecko) Chrome/9.0.597.94 Safari/534.13"
12.232.47.68 - - [28/Feb/2011:22:52:31 +0000] "GET /client/rate_object?ratingID=Host1936260a-6ec5-424c-b31b-1a83e3b6ac7a%40Device6570&value=5 HTTP/1.1" 200 18 "http://smolt.mythtv.org/client/show/pub_dc7a02da-8ce9-4e30-8685-df67d62b9d97" "Mozilla/5.0 (Macintosh; U; Intel Mac OS X 10_6_3; en-US) AppleWebKit/534.13 (KHTML, like Gecko) Chrome/9.0.597.94 Safari/534.13"
12.232.47.68 - - [28/Feb/2011:22:52:32 +0000] "GET /client/rate_object?ratingID=Host1936260a-6ec5-424c-b31b-1a83e3b6ac7a%40Device6571&value=5 HTTP/1.1" 200 18 "http://smolt.mythtv.org/client/show/pub_dc7a02da-8ce9-4e30-8685-df67d62b9d97" "Mozilla/5.0 (Macintosh; U; Intel Mac OS X 10_6_3; en-US) AppleWebKit/534.13 (KHTML, like Gecko) Chrome/9.0.597.94 Safari/534.13"
12.232.47.68 - - [28/Feb/2011:22:52:33 +0000] "GET /client/rate_object?ratingID=Host1936260a-6ec5-424c-b31b-1a83e3b6ac7a%40Device6572&value=5 HTTP/1.1" 200 18 "http://smolt.mythtv.org/client/show/pub_dc7a02da-8ce9-4e30-8685-df67d62b9d97" "Mozilla/5.0 (Macintosh; U; Intel Mac OS X 10_6_3; en-US) AppleWebKit/534.13 (KHTML, like Gecko) Chrome/9.0.597.94 Safari/534.13"
12.232.47.68 - - [28/Feb/2011:22:52:33 +0000] "GET /client/rate_object?ratingID=Host1936260a-6ec5-424c-b31b-1a83e3b6ac7a%40Device6573&value=5 HTTP/1.1" 200 18 "http://smolt.mythtv.org/client/show/pub_dc7a02da-8ce9-4e30-8685-df67d62b9d97" "Mozilla/5.0 (Macintosh; U; Intel Mac OS X 10_6_3; en-US) AppleWebKit/534.13 (KHTML, like Gecko) Chrome/9.0.597.94 Safari/534.13"
12.232.47.68 - - [28/Feb/2011:22:52:34 +0000] "GET /client/rate_object?ratingID=Host1936260a-6ec5-424c-b31b-1a83e3b6ac7a%40Device6574&value=5 HTTP/1.1" 200 18 "http://smolt.mythtv.org/client/show/pub_dc7a02da-8ce9-4e30-8685-df67d62b9d97" "Mozilla/5.0 (Macintosh; U; Intel Mac OS X 10_6_3; en-US) AppleWebKit/534.13 (KHTML, like Gecko) Chrome/9.0.597.94 Safari/534.13"
12.232.47.68 - - [28/Feb/2011:22:52:38 +0000] "GET /client/rate_object?ratingID=Host1936260a-6ec5-424c-b31b-1a83e3b6ac7a%40Device11019&value=3 HTTP/1.1" 200 18 "http://smolt.mythtv.org/client/show/pub_dc7a02da-8ce9-4e30-8685-df67d62b9d97" "Mozilla/5.0 (Macintosh; U; Intel Mac OS X 10_6_3; en-US) AppleWebKit/534.13 (KHTML, like Gecko) Chrome/9.0.597.94 Safari/534.13"
12.232.47.68 - - [28/Feb/2011:22:52:38 +0000] "GET /client/rate_object?ratingID=Host1936260a-6ec5-424c-b31b-1a83e3b6ac7a%40Device1590&value=5 HTTP/1.1" 200 18 "http://smolt.mythtv.org/client/show/pub_dc7a02da-8ce9-4e30-8685-df67d62b9d97" "Mozilla/5.0 (Macintosh; U; Intel Mac OS X 10_6_3; en-US) AppleWebKit/534.13 (KHTML, like Gecko) Chrome/9.0.597.94 Safari/534.13"
12.232.47.68 - - [28/Feb/2011:22:52:39 +0000] "GET /client/rate_object?ratingID=Host1936260a-6ec5-424c-b31b-1a83e3b6ac7a%40Device3143&value=5 HTTP/1.1" 200 18 "http://smolt.mythtv.org/client/show/pub_dc7a02da-8ce9-4e30-8685-df67d62b9d97" "Mozilla/5.0 (Macintosh; U; Intel Mac OS X 10_6_3; en-US) AppleWebKit/534.13 (KHTML, like Gecko) Chrome/9.0.597.94 Safari/534.13"
12.232.47.68 - - [28/Feb/2011:22:52:40 +0000] "GET /client/rate_object?ratingID=Host1936260a-6ec5-424c-b31b-1a83e3b6ac7a%40Device6561&value=5 HTTP/1.1" 200 18 "http://smolt.mythtv.org/client/show/pub_dc7a02da-8ce9-4e30-8685-df67d62b9d97" "Mozilla/5.0 (Macintosh; U; Intel Mac OS X 10_6_3; en-US) AppleWebKit/534.13 (KHTML, like Gecko) Chrome/9.0.597.94 Safari/534.13"
12.232.47.68 - - [28/Feb/2011:22:52:40 +0000] "GET /client/rate_object?ratingID=Host1936260a-6ec5-424c-b31b-1a83e3b6ac7a%40Device6562&value=5 HTTP/1.1" 200 18 "http://smolt.mythtv.org/client/show/pub_dc7a02da-8ce9-4e30-8685-df67d62b9d97" "Mozilla/5.0 (Macintosh; U; Intel Mac OS X 10_6_3; en-US) AppleWebKit/534.13 (KHTML, like Gecko) Chrome/9.0.597.94 Safari/534.13"
12.232.47.68 - - [28/Feb/2011:22:52:41 +0000] "GET /client/rate_object?ratingID=Host1936260a-6ec5-424c-b31b-1a83e3b6ac7a%40Device6564&value=5 HTTP/1.1" 200 18 "http://smolt.mythtv.org/client/show/pub_dc7a02da-8ce9-4e30-8685-df67d62b9d97" "Mozilla/5.0 (Macintosh; U; Intel Mac OS X 10_6_3; en-US) AppleWebKit/534.13 (KHTML, like Gecko) Chrome/9.0.597.94 Safari/534.13"
12.232.47.68 - - [28/Feb/2011:22:52:41 +0000] "GET /client/rate_object?ratingID=Host1936260a-6ec5-424c-b31b-1a83e3b6ac7a%40Device6569&value=5 HTTP/1.1" 200 18 "http://smolt.mythtv.org/client/show/pub_dc7a02da-8ce9-4e30-8685-df67d62b9d97" "Mozilla/5.0 (Macintosh; U; Intel Mac OS X 10_6_3; en-US) AppleWebKit/534.13 (KHTML, like Gecko) Chrome/9.0.597.94 Safari/534.13"
12.232.47.68 - - [28/Feb/2011:22:52:44 +0000] "GET /client/rate_object?ratingID=Host1936260a-6ec5-424c-b31b-1a83e3b6ac7a&value=5 HTTP/1.1" 200 18 "http://smolt.mythtv.org/client/show/pub_dc7a02da-8ce9-4e30-8685-df67d62b9d97" "Mozilla/5.0 (Macintosh; U; Intel Mac OS X 10_6_3; en-US) AppleWebKit/534.13 (KHTML, like Gecko) Chrome/9.0.597.94 Safari/534.13"
12.232.47.68 - - [28/Feb/2011:22:52:46 +0000] "GET /client/show_all/pub_dc7a02da-8ce9-4e30-8685-df67d62b9d97 HTTP/1.1" 200 2657 "http://smolt.mythtv.org/client/show/pub_dc7a02da-8ce9-4e30-8685-df67d62b9d97" "Mozilla/5.0 (Macintosh; U; Intel Mac OS X 10_6_3; en-US) AppleWebKit/534.13 (KHTML, like Gecko) Chrome/9.0.597.94 Safari/534.13"
12.232.47.68 - - [28/Feb/2011:22:52:56 +0000] "GET /client/show/pub_dc7a02da-8ce9-4e30-8685-df67d62b9d97 HTTP/1.1" 200 2260 "http://smolt.mythtv.org/reports/recent" "Mozilla/5.0 (Macintosh; U; Intel Mac OS X 10_6_3; en-US) AppleWebKit/534.13 (KHTML, like Gecko) Chrome/9.0.597.94 Safari/534.13"
12.232.47.68 - - [28/Feb/2011:22:53:09 +0000] "GET /client/show/pub_ed0354c2-93e8-4197-9448-40682c993b1f HTTP/1.1" 200 2650 "http://smolt.mythtv.org/reports/recent" "Mozilla/5.0 (Macintosh; U; Intel Mac OS X 10_6_3; en-US) AppleWebKit/534.13 (KHTML, like Gecko) Chrome/9.0.597.94 Safari/534.13"
12.232.47.68 - - [28/Feb/2011:22:53:30 +0000] "POST /client/show/pub_ed0354c2-93e8-4197-9448-40682c993b1f HTTP/1.1" 200 2744 "http://smolt.mythtv.org/client/show/pub_ed0354c2-93e8-4197-9448-40682c993b1f" "Mozilla/5.0 (Macintosh; U; Intel Mac OS X 10_6_3; en-US) AppleWebKit/534.13 (KHTML, like Gecko) Chrome/9.0.597.94 Safari/534.13"
12.232.47.68 - - [28/Feb/2011:22:53:34 +0000] "GET /client/rate_object?ratingID=Hostfcfd32e7-6fe4-4305-af5e-0482e504359e&value=5 HTTP/1.1" 200 18 "http://smolt.mythtv.org/client/show/pub_ed0354c2-93e8-4197-9448-40682c993b1f" "Mozilla/5.0 (Macintosh; U; Intel Mac OS X 10_6_3; en-US) AppleWebKit/534.13 (KHTML, like Gecko) Chrome/9.0.597.94 Safari/534.13"
12.232.47.68 - - [28/Feb/2011:22:53:36 +0000] "GET /client/rate_object?ratingID=Hostfcfd32e7-6fe4-4305-af5e-0482e504359e%40Device11029&value=5 HTTP/1.1" 200 18 "http://smolt.mythtv.org/client/show/pub_ed0354c2-93e8-4197-9448-40682c993b1f" "Mozilla/5.0 (Macintosh; U; Intel Mac OS X 10_6_3; en-US) AppleWebKit/534.13 (KHTML, like Gecko) Chrome/9.0.597.94 Safari/534.13"
12.232.47.68 - - [28/Feb/2011:22:53:38 +0000] "GET /client/rate_object?ratingID=Hostfcfd32e7-6fe4-4305-af5e-0482e504359e%40Device11029&value=3 HTTP/1.1" 200 18 "http://smolt.mythtv.org/client/show/pub_ed0354c2-93e8-4197-9448-40682c993b1f" "Mozilla/5.0 (Macintosh; U; Intel Mac OS X 10_6_3; en-US) AppleWebKit/534.13 (KHTML, like Gecko) Chrome/9.0.597.94 Safari/534.13"
12.232.47.68 - - [28/Feb/2011:22:53:40 +0000] "GET /client/rate_object?ratingID=Hostfcfd32e7-6fe4-4305-af5e-0482e504359e%40Device778&value=5 HTTP/1.1" 200 18 "http://smolt.mythtv.org/client/show/pub_ed0354c2-93e8-4197-9448-40682c993b1f" "Mozilla/5.0 (Macintosh; U; Intel Mac OS X 10_6_3; en-US) AppleWebKit/534.13 (KHTML, like Gecko) Chrome/9.0.597.94 Safari/534.13"
12.232.47.68 - - [28/Feb/2011:22:53:42 +0000] "GET /client/rate_object?ratingID=Hostfcfd32e7-6fe4-4305-af5e-0482e504359e%40Device139&value=5 HTTP/1.1" 200 18 "http://smolt.mythtv.org/client/show/pub_ed0354c2-93e8-4197-9448-40682c993b1f" "Mozilla/5.0 (Macintosh; U; Intel Mac OS X 10_6_3; en-US) AppleWebKit/534.13 (KHTML, like Gecko) Chrome/9.0.597.94 Safari/534.13"
12.232.47.68 - - [28/Feb/2011:22:53:44 +0000] "GET /client/rate_object?ratingID=Hostfcfd32e7-6fe4-4305-af5e-0482e504359e%40Device1041&value=5 HTTP/1.1" 200 18 "http://smolt.mythtv.org/client/show/pub_ed0354c2-93e8-4197-9448-40682c993b1f" "Mozilla/5.0 (Macintosh; U; Intel Mac OS X 10_6_3; en-US) AppleWebKit/534.13 (KHTML, like Gecko) Chrome/9.0.597.94 Safari/534.13"
12.232.47.68 - - [28/Feb/2011:22:53:45 +0000] "GET /client/rate_object?ratingID=Hostfcfd32e7-6fe4-4305-af5e-0482e504359e%40Device3072&value=5 HTTP/1.1" 200 18 "http://smolt.mythtv.org/client/show/pub_ed0354c2-93e8-4197-9448-40682c993b1f" "Mozilla/5.0 (Macintosh; U; Intel Mac OS X 10_6_3; en-US) AppleWebKit/534.13 (KHTML, like Gecko) Chrome/9.0.597.94 Safari/534.13"
12.232.47.68 - - [28/Feb/2011:22:53:47 +0000] "GET /client/rate_object?ratingID=Hostfcfd32e7-6fe4-4305-af5e-0482e504359e%40Device6153&value=5 HTTP/1.1" 200 18 "http://smolt.mythtv.org/client/show/pub_ed0354c2-93e8-4197-9448-40682c993b1f" "Mozilla/5.0 (Macintosh; U; Intel Mac OS X 10_6_3; en-US) AppleWebKit/534.13 (KHTML, like Gecko) Chrome/9.0.597.94 Safari/534.13"
12.232.47.68 - - [28/Feb/2011:22:53:48 +0000] "GET /client/rate_object?ratingID=Hostfcfd32e7-6fe4-4305-af5e-0482e504359e%40Device4749&value=5 HTTP/1.1" 200 18 "http://smolt.mythtv.org/client/show/pub_ed0354c2-93e8-4197-9448-40682c993b1f" "Mozilla/5.0 (Macintosh; U; Intel Mac OS X 10_6_3; en-US) AppleWebKit/534.13 (KHTML, like Gecko) Chrome/9.0.597.94 Safari/534.13"
12.232.47.68 - - [28/Feb/2011:22:53:50 +0000] "GET /client/rate_object?ratingID=Hostfcfd32e7-6fe4-4305-af5e-0482e504359e%40Device9487&value=5 HTTP/1.1" 200 18 "http://smolt.mythtv.org/client/show/pub_ed0354c2-93e8-4197-9448-40682c993b1f" "Mozilla/5.0 (Macintosh; U; Intel Mac OS X 10_6_3; en-US) AppleWebKit/534.13 (KHTML, like Gecko) Chrome/9.0.597.94 Safari/534.13"
12.232.47.68 - - [28/Feb/2011:22:53:52 +0000] "GET /client/rate_object?ratingID=Hostfcfd32e7-6fe4-4305-af5e-0482e504359e%40Device11024&value=5 HTTP/1.1" 200 18 "http://smolt.mythtv.org/client/show/pub_ed0354c2-93e8-4197-9448-40682c993b1f" "Mozilla/5.0 (Macintosh; U; Intel Mac OS X 10_6_3; en-US) AppleWebKit/534.13 (KHTML, like Gecko) Chrome/9.0.597.94 Safari/534.13"
12.232.47.68 - - [28/Feb/2011:22:53:53 +0000] "GET /client/rate_object?ratingID=Hostfcfd32e7-6fe4-4305-af5e-0482e504359e%40Device11025&value=5 HTTP/1.1" 200 18 "http://smolt.mythtv.org/client/show/pub_ed0354c2-93e8-4197-9448-40682c993b1f" "Mozilla/5.0 (Macintosh; U; Intel Mac OS X 10_6_3; en-US) AppleWebKit/534.13 (KHTML, like Gecko) Chrome/9.0.597.94 Safari/534.13"
12.232.47.68 - - [28/Feb/2011:22:53:54 +0000] "GET /client/rate_object?ratingID=Hostfcfd32e7-6fe4-4305-af5e-0482e504359e%40Device11027&value=5 HTTP/1.1" 200 18 "http://smolt.mythtv.org/client/show/pub_ed0354c2-93e8-4197-9448-40682c993b1f" "Mozilla/5.0 (Macintosh; U; Intel Mac OS X 10_6_3; en-US) AppleWebKit/534.13 (KHTML, like Gecko) Chrome/9.0.597.94 Safari/534.13"
12.232.47.68 - - [28/Feb/2011:22:53:54 +0000] "GET /client/rate_object?ratingID=Hostfcfd32e7-6fe4-4305-af5e-0482e504359e%40Device11028&value=5 HTTP/1.1" 200 18 "http://smolt.mythtv.org/client/show/pub_ed0354c2-93e8-4197-9448-40682c993b1f" "Mozilla/5.0 (Macintosh; U; Intel Mac OS X 10_6_3; en-US) AppleWebKit/534.13 (KHTML, like Gecko) Chrome/9.0.597.94 Safari/534.13"
12.232.47.68 - - [28/Feb/2011:22:53:56 +0000] "GET /client/rate_object?ratingID=Hostfcfd32e7-6fe4-4305-af5e-0482e504359e%40Device2457&value=5 HTTP/1.1" 200 18 "http://smolt.mythtv.org/client/show/pub_ed0354c2-93e8-4197-9448-40682c993b1f" "Mozilla/5.0 (Macintosh; U; Intel Mac OS X 10_6_3; en-US) AppleWebKit/534.13 (KHTML, like Gecko) Chrome/9.0.597.94 Safari/534.13"
12.232.47.68 - - [28/Feb/2011:22:53:57 +0000] "GET /client/rate_object?ratingID=Hostfcfd32e7-6fe4-4305-af5e-0482e504359e%40Device4783&value=5 HTTP/1.1" 200 18 "http://smolt.mythtv.org/client/show/pub_ed0354c2-93e8-4197-9448-40682c993b1f" "Mozilla/5.0 (Macintosh; U; Intel Mac OS X 10_6_3; en-US) AppleWebKit/534.13 (KHTML, like Gecko) Chrome/9.0.597.94 Safari/534.13"
12.232.47.68 - - [28/Feb/2011:22:53:58 +0000] "GET /client/rate_object?ratingID=Hostfcfd32e7-6fe4-4305-af5e-0482e504359e%40Device5685&value=5 HTTP/1.1" 200 18 "http://smolt.mythtv.org/client/show/pub_ed0354c2-93e8-4197-9448-40682c993b1f" "Mozilla/5.0 (Macintosh; U; Intel Mac OS X 10_6_3; en-US) AppleWebKit/534.13 (KHTML, like Gecko) Chrome/9.0.597.94 Safari/534.13"
12.232.47.68 - - [28/Feb/2011:22:54:01 +0000] "GET /client/rate_object?ratingID=Hostfcfd32e7-6fe4-4305-af5e-0482e504359e%40Device5003&value=5 HTTP/1.1" 200 18 "http://smolt.mythtv.org/client/show/pub_ed0354c2-93e8-4197-9448-40682c993b1f" "Mozilla/5.0 (Macintosh; U; Intel Mac OS X 10_6_3; en-US) AppleWebKit/534.13 (KHTML, like Gecko) Chrome/9.0.597.94 Safari/534.13"
12.232.47.68 - - [28/Feb/2011:22:54:01 +0000] "GET /client/rate_object?ratingID=Hostfcfd32e7-6fe4-4305-af5e-0482e504359e%40Device10187&value=5 HTTP/1.1" 200 18 "http://smolt.mythtv.org/client/show/pub_ed0354c2-93e8-4197-9448-40682c993b1f" "Mozilla/5.0 (Macintosh; U; Intel Mac OS X 10_6_3; en-US) AppleWebKit/534.13 (KHTML, like Gecko) Chrome/9.0.597.94 Safari/534.13"
12.232.47.68 - - [28/Feb/2011:22:54:02 +0000] "GET /client/rate_object?ratingID=Hostfcfd32e7-6fe4-4305-af5e-0482e504359e%40Device11026&value=5 HTTP/1.1" 200 18 "http://smolt.mythtv.org/client/show/pub_ed0354c2-93e8-4197-9448-40682c993b1f" "Mozilla/5.0 (Macintosh; U; Intel Mac OS X 10_6_3; en-US) AppleWebKit/534.13 (KHTML, like Gecko) Chrome/9.0.597.94 Safari/534.13"
12.232.47.68 - - [28/Feb/2011:22:54:03 +0000] "GET /client/rate_object?ratingID=Hostfcfd32e7-6fe4-4305-af5e-0482e504359e%40Device760&value=5 HTTP/1.1" 200 18 "http://smolt.mythtv.org/client/show/pub_ed0354c2-93e8-4197-9448-40682c993b1f" "Mozilla/5.0 (Macintosh; U; Intel Mac OS X 10_6_3; en-US) AppleWebKit/534.13 (KHTML, like Gecko) Chrome/9.0.597.94 Safari/534.13"
12.232.47.68 - - [28/Feb/2011:22:54:06 +0000] "GET /client/rate_object?ratingID=Hostfcfd32e7-6fe4-4305-af5e-0482e504359e%40Device11031&value=3 HTTP/1.1" 200 18 "http://smolt.mythtv.org/client/show/pub_ed0354c2-93e8-4197-9448-40682c993b1f" "Mozilla/5.0 (Macintosh; U; Intel Mac OS X 10_6_3; en-US) AppleWebKit/534.13 (KHTML, like Gecko) Chrome/9.0.597.94 Safari/534.13"
12.232.47.68 - - [28/Feb/2011:22:54:07 +0000] "GET /client/rate_object?ratingID=Hostfcfd32e7-6fe4-4305-af5e-0482e504359e%40Device2453&value=5 HTTP/1.1" 200 18 "http://smolt.mythtv.org/client/show/pub_ed0354c2-93e8-4197-9448-40682c993b1f" "Mozilla/5.0 (Macintosh; U; Intel Mac OS X 10_6_3; en-US) AppleWebKit/534.13 (KHTML, like Gecko) Chrome/9.0.597.94 Safari/534.13"
12.232.47.68 - - [28/Feb/2011:22:54:07 +0000] "GET /client/rate_object?ratingID=Hostfcfd32e7-6fe4-4305-af5e-0482e504359e%40Device2461&value=5 HTTP/1.1" 200 18 "http://smolt.mythtv.org/client/show/pub_ed0354c2-93e8-4197-9448-40682c993b1f" "Mozilla/5.0 (Macintosh; U; Intel Mac OS X 10_6_3; en-US) AppleWebKit/534.13 (KHTML, like Gecko) Chrome/9.0.597.94 Safari/534.13"
12.232.47.68 - - [28/Feb/2011:22:54:08 +0000] "GET /client/rate_object?ratingID=Hostfcfd32e7-6fe4-4305-af5e-0482e504359e%40Device2460&value=5 HTTP/1.1" 200 18 "http://smolt.mythtv.org/client/show/pub_ed0354c2-93e8-4197-9448-40682c993b1f" "Mozilla/5.0 (Macintosh; U; Intel Mac OS X 10_6_3; en-US) AppleWebKit/534.13 (KHTML, like Gecko) Chrome/9.0.597.94 Safari/534.13"
12.232.47.68 - - [28/Feb/2011:22:54:09 +0000] "GET /client/rate_object?ratingID=Hostfcfd32e7-6fe4-4305-af5e-0482e504359e%40Device2458&value=5 HTTP/1.1" 200 18 "http://smolt.mythtv.org/client/show/pub_ed0354c2-93e8-4197-9448-40682c993b1f" "Mozilla/5.0 (Macintosh; U; Intel Mac OS X 10_6_3; en-US) AppleWebKit/534.13 (KHTML, like Gecko) Chrome/9.0.597.94 Safari/534.13"
12.232.47.68 - - [28/Feb/2011:22:54:09 +0000] "GET /client/rate_object?ratingID=Hostfcfd32e7-6fe4-4305-af5e-0482e504359e%40Device2456&value=5 HTTP/1.1" 200 18 "http://smolt.mythtv.org/client/show/pub_ed0354c2-93e8-4197-9448-40682c993b1f" "Mozilla/5.0 (Macintosh; U; Intel Mac OS X 10_6_3; en-US) AppleWebKit/534.13 (KHTML, like Gecko) Chrome/9.0.597.94 Safari/534.13"
12.232.47.68 - - [28/Feb/2011:22:54:10 +0000] "GET /client/rate_object?ratingID=Hostfcfd32e7-6fe4-4305-af5e-0482e504359e%40Device2455&value=5 HTTP/1.1" 200 18 "http://smolt.mythtv.org/client/show/pub_ed0354c2-93e8-4197-9448-40682c993b1f" "Mozilla/5.0 (Macintosh; U; Intel Mac OS X 10_6_3; en-US) AppleWebKit/534.13 (KHTML, like Gecko) Chrome/9.0.597.94 Safari/534.13"
12.232.47.68 - - [28/Feb/2011:22:54:11 +0000] "GET /client/rate_object?ratingID=Hostfcfd32e7-6fe4-4305-af5e-0482e504359e%40Device2454&value=5 HTTP/1.1" 200 18 "http://smolt.mythtv.org/client/show/pub_ed0354c2-93e8-4197-9448-40682c993b1f" "Mozilla/5.0 (Macintosh; U; Intel Mac OS X 10_6_3; en-US) AppleWebKit/534.13 (KHTML, like Gecko) Chrome/9.0.597.94 Safari/534.13"
12.232.47.68 - - [28/Feb/2011:22:54:12 +0000] "GET /client/rate_object?ratingID=Hostfcfd32e7-6fe4-4305-af5e-0482e504359e%40Device11030&value=5 HTTP/1.1" 200 18 "http://smolt.mythtv.org/client/show/pub_ed0354c2-93e8-4197-9448-40682c993b1f" "Mozilla/5.0 (Macintosh; U; Intel Mac OS X 10_6_3; en-US) AppleWebKit/534.13 (KHTML, like Gecko) Chrome/9.0.597.94 Safari/534.13"
12.232.47.68 - - [28/Feb/2011:22:54:13 +0000] "GET /client/rate_object?ratingID=Hostfcfd32e7-6fe4-4305-af5e-0482e504359e%40Device2450&value=5 HTTP/1.1" 200 18 "http://smolt.mythtv.org/client/show/pub_ed0354c2-93e8-4197-9448-40682c993b1f" "Mozilla/5.0 (Macintosh; U; Intel Mac OS X 10_6_3; en-US) AppleWebKit/534.13 (KHTML, like Gecko) Chrome/9.0.597.94 Safari/534.13"
12.232.47.68 - - [28/Feb/2011:22:54:13 +0000] "GET /client/rate_object?ratingID=Hostfcfd32e7-6fe4-4305-af5e-0482e504359e%40Device3071&value=5 HTTP/1.1" 200 18 "http://smolt.mythtv.org/client/show/pub_ed0354c2-93e8-4197-9448-40682c993b1f" "Mozilla/5.0 (Macintosh; U; Intel Mac OS X 10_6_3; en-US) AppleWebKit/534.13 (KHTML, like Gecko) Chrome/9.0.597.94 Safari/534.13"
12.232.47.68 - - [28/Feb/2011:22:54:14 +0000] "GET /client/rate_object?ratingID=Hostfcfd32e7-6fe4-4305-af5e-0482e504359e%40Device2452&value=5 HTTP/1.1" 200 18 "http://smolt.mythtv.org/client/show/pub_ed0354c2-93e8-4197-9448-40682c993b1f" "Mozilla/5.0 (Macintosh; U; Intel Mac OS X 10_6_3; en-US) AppleWebKit/534.13 (KHTML, like Gecko) Chrome/9.0.597.94 Safari/534.13"
12.232.47.68 - - [28/Feb/2011:22:54:17 +0000] "GET /client/show_all/pub_ed0354c2-93e8-4197-9448-40682c993b1f HTTP/1.1" 200 3135 "http://smolt.mythtv.org/client/show/pub_ed0354c2-93e8-4197-9448-40682c993b1f" "Mozilla/5.0 (Macintosh; U; Intel Mac OS X 10_6_3; en-US) AppleWebKit/534.13 (KHTML, like Gecko) Chrome/9.0.597.94 Safari/534.13"
12.232.47.68 - - [28/Feb/2011:22:54:23 +0000] "GET /client/show/pub_ed0354c2-93e8-4197-9448-40682c993b1f HTTP/1.1" 200 2674 "http://smolt.mythtv.org/reports/recent" "Mozilla/5.0 (Macintosh; U; Intel Mac OS X 10_6_3; en-US) AppleWebKit/534.13 (KHTML, like Gecko) Chrome/9.0.597.94 Safari/534.13"
184.58.217.97 - - [28/Feb/2011:22:54:59 +0000] "GET /reports/view_profile/P35-DS3R HTTP/1.1" 200 1170 "http://smolt.mythtv.org/client/show/pub_cbdf9bac-f59c-4845-8f5a-a5309a39aeb2" "Opera/9.80 (X11; Linux x86_64; U; en) Presto/2.7.62 Version/11.00"
184.58.217.97 - - [28/Feb/2011:22:55:05 +0000] "GET /client/show/pub_b96f1861-e460-49f1-8686-9b62b2bba593 HTTP/1.1" 200 2360 "http://smolt.mythtv.org/reports/view_profile/P35-DS3R" "Opera/9.80 (X11; Linux x86_64; U; en) Presto/2.7.62 Version/11.00"
184.58.217.97 - - [28/Feb/2011:22:55:10 +0000] "GET /static/stats/stats.html HTTP/1.1" 200 7955 "http://smolt.mythtv.org/" "Opera/9.80 (X11; Linux x86_64; U; en) Presto/2.7.62 Version/11.00"
12.232.47.68 - - [28/Feb/2011:23:00:55 +0000] "GET /reports/recent HTTP/1.1" 200 2707 "http://smolt.mythtv.org/" "Mozilla/5.0 (Macintosh; U; Intel Mac OS X 10_6_3; en-US) AppleWebKit/534.13 (KHTML, like Gecko) Chrome/9.0.597.94 Safari/534.13"
12.232.47.68 - - [28/Feb/2011:23:00:55 +0000] "GET /tg_widgets/turboflot/excanvas.js HTTP/1.1" 304 - "http://smolt.mythtv.org/reports/recent" "Mozilla/5.0 (Macintosh; U; Intel Mac OS X 10_6_3; en-US) AppleWebKit/534.13 (KHTML, like Gecko) Chrome/9.0.597.94 Safari/534.13"
12.232.47.68 - - [28/Feb/2011:23:00:55 +0000] "GET /tg_widgets/turboflot/jquery.js HTTP/1.1" 304 - "http://smolt.mythtv.org/reports/recent" "Mozilla/5.0 (Macintosh; U; Intel Mac OS X 10_6_3; en-US) AppleWebKit/534.13 (KHTML, like Gecko) Chrome/9.0.597.94 Safari/534.13"
12.232.47.68 - - [28/Feb/2011:23:00:55 +0000] "GET /tg_widgets/turboflot/jquery.flot.js HTTP/1.1" 304 - "http://smolt.mythtv.org/reports/recent" "Mozilla/5.0 (Macintosh; U; Intel Mac OS X 10_6_3; en-US) AppleWebKit/534.13 (KHTML, like Gecko) Chrome/9.0.597.94 Safari/534.13"
12.232.47.68 - - [28/Feb/2011:23:00:55 +0000] "GET /tg_widgets/turbogears.widgets/tabber/tabber.css HTTP/1.1" 304 - "http://smolt.mythtv.org/reports/recent" "Mozilla/5.0 (Macintosh; U; Intel Mac OS X 10_6_3; en-US) AppleWebKit/534.13 (KHTML, like Gecko) Chrome/9.0.597.94 Safari/534.13"
12.232.47.68 - - [28/Feb/2011:23:00:55 +0000] "GET /static/css/style.css HTTP/1.1" 304 - "http://smolt.mythtv.org/reports/recent" "Mozilla/5.0 (Macintosh; U; Intel Mac OS X 10_6_3; en-US) AppleWebKit/534.13 (KHTML, like Gecko) Chrome/9.0.597.94 Safari/534.13"
184.58.217.97 - - [28/Feb/2011:23:02:58 +0000] "GET /static/stats/stats.html HTTP/1.1" 200 7985 "http://smolt.mythtv.org/" "Opera/9.80 (X11; Linux x86_64; U; en) Presto/2.7.62 Version/11.00"
184.58.217.97 - - [28/Feb/2011:23:02:58 +0000] "GET /tg_widgets/turboflot/excanvas.js HTTP/1.1" 304 - "http://smolt.mythtv.org/static/stats/stats.html" "Opera/9.80 (X11; Linux x86_64; U; en) Presto/2.7.62 Version/11.00"
184.58.217.97 - - [28/Feb/2011:23:02:58 +0000] "GET /tg_widgets/turboflot/jquery.js HTTP/1.1" 304 - "http://smolt.mythtv.org/static/stats/stats.html" "Opera/9.80 (X11; Linux x86_64; U; en) Presto/2.7.62 Version/11.00"
184.58.217.97 - - [28/Feb/2011:23:02:58 +0000] "GET /tg_widgets/turboflot/jquery.flot.js HTTP/1.1" 304 - "http://smolt.mythtv.org/static/stats/stats.html" "Opera/9.80 (X11; Linux x86_64; U; en) Presto/2.7.62 Version/11.00"
184.58.217.97 - - [28/Feb/2011:23:02:58 +0000] "GET /static/css/style.css HTTP/1.1" 304 - "http://smolt.mythtv.org/static/stats/stats.html" "Opera/9.80 (X11; Linux x86_64; U; en) Presto/2.7.62 Version/11.00"
184.58.217.97 - - [28/Feb/2011:23:02:58 +0000] "GET /tg_widgets/turbogears.widgets/tabber/tabber.css HTTP/1.1" 304 - "http://smolt.mythtv.org/static/stats/stats.html" "Opera/9.80 (X11; Linux x86_64; U; en) Presto/2.7.62 Version/11.00"
184.58.217.97 - - [28/Feb/2011:23:02:58 +0000] "GET /tg_widgets/turbogears.widgets/tabber/tabber-minimized.js HTTP/1.1" 304 - "http://smolt.mythtv.org/static/stats/stats.html" "Opera/9.80 (X11; Linux x86_64; U; en) Presto/2.7.62 Version/11.00"
184.58.217.97 - - [28/Feb/2011:23:02:58 +0000] "GET /favicon.ico HTTP/1.1" 304 - "http://smolt.mythtv.org/static/stats/stats.html" "Opera/9.80 (X11; Linux x86_64; U; en) Presto/2.7.62 Version/11.00"
184.58.217.97 - - [28/Feb/2011:23:02:59 +0000] "GET /static/stats/stats.html HTTP/1.1" 200 7949 "http://smolt.mythtv.org/" "Opera/9.80 (X11; Linux x86_64; U; en) Presto/2.7.62 Version/11.00"
184.58.217.97 - - [28/Feb/2011:23:02:59 +0000] "GET /tg_widgets/turboflot/excanvas.js HTTP/1.1" 304 - "http://smolt.mythtv.org/static/stats/stats.html" "Opera/9.80 (X11; Linux x86_64; U; en) Presto/2.7.62 Version/11.00"
184.58.217.97 - - [28/Feb/2011:23:02:59 +0000] "GET /tg_widgets/turboflot/jquery.js HTTP/1.1" 304 - "http://smolt.mythtv.org/static/stats/stats.html" "Opera/9.80 (X11; Linux x86_64; U; en) Presto/2.7.62 Version/11.00"
184.58.217.97 - - [28/Feb/2011:23:02:59 +0000] "GET /tg_widgets/turboflot/jquery.flot.js HTTP/1.1" 304 - "http://smolt.mythtv.org/static/stats/stats.html" "Opera/9.80 (X11; Linux x86_64; U; en) Presto/2.7.62 Version/11.00"
184.58.217.97 - - [28/Feb/2011:23:03:00 +0000] "GET /tg_widgets/turbogears.widgets/tabber/tabber.css HTTP/1.1" 304 - "http://smolt.mythtv.org/static/stats/stats.html" "Opera/9.80 (X11; Linux x86_64; U; en) Presto/2.7.62 Version/11.00"
184.58.217.97 - - [28/Feb/2011:23:03:00 +0000] "GET /static/css/style.css HTTP/1.1" 304 - "http://smolt.mythtv.org/static/stats/stats.html" "Opera/9.80 (X11; Linux x86_64; U; en) Presto/2.7.62 Version/11.00"
184.58.217.97 - - [28/Feb/2011:23:03:00 +0000] "GET /tg_widgets/turbogears.widgets/tabber/tabber-minimized.js HTTP/1.1" 304 - "http://smolt.mythtv.org/static/stats/stats.html" "Opera/9.80 (X11; Linux x86_64; U; en) Presto/2.7.62 Version/11.00"
184.58.217.97 - - [28/Feb/2011:23:03:00 +0000] "GET /favicon.ico HTTP/1.1" 304 - "http://smolt.mythtv.org/static/stats/stats.html" "Opera/9.80 (X11; Linux x86_64; U; en) Presto/2.7.62 Version/11.00"
12.232.47.68 - - [28/Feb/2011:23:03:57 +0000] "GET /client/show/pub_ed0354c2-93e8-4197-9448-40682c993b1f HTTP/1.1" 200 2675 "http://smolt.mythtv.org/reports/recent" "Mozilla/5.0 (Macintosh; U; Intel Mac OS X 10_6_3; en-US) AppleWebKit/534.13 (KHTML, like Gecko) Chrome/9.0.597.94 Safari/534.13"
